
138
Let n(y) = 113*y**3 - 2*y**2 + 264*y - 803. What is n(3)?
3022
Let g(i) = -i**3 - 98*i**2 - 109*i - 733. What is g(-97)?
431
Let v(b) = 1882*b - 344474. Calculate v(183).
-68
Let v(z) = 396*z + 113241. Calculate v(-286).
-15
Let o(d) = -160*d**2 + 326*d + 649. Calculate o(-2).
-643
Let d(v) = v**3 - 108*v**2 - 1193*v - 229. What is d(-10)?
-99
Let t(s) = -569362*s - 15942144. Give t(-28).
-8
Let v(x) = 1933*x + 948. Give v(-1).
-985
Let i(u) = -4505*u - 31579. Give i(-7).
-44
Let q(u) = 3469*u + 1796940. Give q(-518).
-2
Let u(j) = -j**2 - 112*j + 3148. Calculate u(-134).
200
Let o(b) = -b**3 - 128*b**2 + 272*b + 1455. What is o(-130)?
-105
Let b(v) = 10*v**3 + 33*v**2 - 16*v - 70. Determine b(-6).
-946
Let g(a) = -14*a**2 - 50*a - 25. Give g(-1).
11
Let f(g) = 373*g**2 - 167*g - 153. Give f(-1).
387
Let f(i) = 3*i**3 + 6*i**2 - 1748*i - 8593. Give f(-5).
-78
Let c(v) = -v**2 - 19142*v - 286966. Determine c(-15).
-61
Let q(r) = 179709*r + 179710. What is q(-1)?
1
Let u(x) = x**3 + 43*x**2 - 152803*x - 2599. Calculate u(370).
-9
Let l(c) = 516653*c + 2066606. What is l(-4)?
-6
Let c(i) = -41307*i + 702182. Determine c(17).
-37
Let o(u) = 566*u - 23549. What is o(43)?
789
Let l(o) = -o**3 - 219*o**2 - 1059*o + 1286. Give l(-214).
-1068
Let s(g) = -6*g**3 + 5*g**2 + 51*g - 421. Give s(4).
-521
Let q(r) = 19*r**2 + 7601*r + 8000. Give q(-399).
20
Let c(t) = 2*t**3 + 265*t**2 - 124*t + 1125. Determine c(-133).
-72
Let s(x) = 2*x**3 + 273*x**2 - 16333*x - 78. Determine s(45).
12
Let p(t) = -9007*t - 1792165. What is p(-199)?
228
Let r(o) = -20*o**2 + 2156*o + 4836. Calculate r(110).
-4
Let y(q) = -1453*q - 222308. Give y(-153).
1
Let y(p) = -26*p**2 - 53*p - 20. Determine y(-5).
-405
Let f(l) = 3*l**2 - 71424*l + 285680. Determine f(4).
32
Let x(u) = -u**2 + 15724*u - 721386. What is x(46)?
-198
Let r(n) = -n**3 + 62*n**2 + 499*n - 1102. Calculate r(69).
2
Let d(m) = 412*m - 25917. Give d(61).
-785
Let o(t) = -7*t**3 + 99*t**2 + 7*t - 33. Calculate o(14).
261
Let z(p) = 314*p - 4390. What is z(13)?
-308
Let t(a) = -240*a + 926. Determine t(4).
-34
Let c(x) = x**3 - 147*x**2 - 157*x + 1176. Calculate c(148).
-156
Let y(o) = -2*o**3 - 134*o**2 + 3728*o + 249790. Determine y(-67).
14
Let c(o) = 390*o**2 + 4441*o - 26. Calculate c(-11).
-1687
Let q(j) = 8735*j + 26176. Calculate q(-3).
-29
Let p(n) = -36940*n - 2105391. Give p(-57).
189
Let k(w) = -2*w**2 + 18868*w + 188874. What is k(-10)?
-6
Let z(k) = 3*k**2 + 932*k + 113. Give z(0).
113
Let t(p) = -p**3 - 25*p**2 - 67*p - 21312. What is t(-38)?
6
Let h(y) = 34*y**2 + 2104*y + 20190. What is h(-50)?
-10
Let r(g) = g**3 - 13882*g**2 + 124843*g + 119. Determine r(9).
-7
Let s(n) = 100*n**2 - 603*n + 604. Determine s(1).
101
Let b(w) = w**3 - 13*w**2 + 840*w - 8091. Determine b(10).
9
Let n(v) = -17*v**2 + 659*v - 56. Give n(45).
-4826
Let g(c) = -8459*c - 76044. Determine g(-9).
87
Let s(t) = 11495*t - 34444. Give s(3).
41
Let y(t) = -1888*t + 181677. Determine y(96).
429
Let d(n) = -2*n**3 - 60*n**2 + 2769*n + 710. Calculate d(-55).
-335
Let v(r) = -r**3 + r**2 - 46*r + 456. Calculate v(6).
0
Let g(h) = 19286*h + 212274. Calculate g(-11).
128
Let u(p) = -16*p**2 - 432*p - 3219. Calculate u(-7).
-979
Let m(l) = -3*l**3 + 11*l**2 - 3812*l + 26797. What is m(7)?
-377
Let w(b) = -12*b**2 + 59*b - 389. Give w(7).
-564
Let z(y) = 7*y**2 + 130*y + 1409. Give z(-12).
857
Let q(i) = 3*i**3 - 172*i**2 - 691*i + 925. What is q(61)?
-295
Let s(u) = u**3 - 25*u**2 + 105*u - 2898. Calculate s(25).
-273
Let p(l) = -274634*l - 549222. Determine p(-2).
46
Let z(y) = 436535*y + 2182682. Calculate z(-5).
7
Let g(t) = 525*t**2 - 1102*t - 9. Give g(3).
1410
Let z(r) = 561*r**2 - 3335*r - 198. Calculate z(6).
-12
Let m(k) = -24887*k - 1816757. What is m(-73)?
-6
Let o(z) = -z**2 + 161*z + 1068. Determine o(-7).
-108
Let x(f) = -597*f - 29385. Determine x(-45).
-2520
Let h(g) = 404*g + 55712. Give h(-138).
-40
Let o(h) = 46619*h + 232233. Give o(-5).
-862
Let x(w) = -124*w + 102807. Give x(829).
11
Let u(x) = -x**3 - 713*x**2 - 9779*x + 4902. Give u(-699).
9
Let k(n) = 40*n**3 + 20*n**2 + 67*n + 7. Calculate k(-3).
-1094
Let s(u) = -1711*u + 154. Calculate s(1).
-1557
Let t(b) = 4*b**3 + 2*b**2 + 445*b + 1804. Determine t(-4).
-200
Let j(o) = o**3 - 155*o**2 + 1332*o - 22938. Give j(147).
-6
Let m(o) = 2*o**3 + 579*o**2 + 739*o - 35996. What is m(-288)?
4
Let t(g) = -7105*g - 902331. Determine t(-127).
4
Let q(g) = -2841*g + 2715. Calculate q(1).
-126
Let r(z) = 2*z**2 + 53*z + 301. Give r(-33).
730
Let i(c) = 953801*c + 4769005. Determine i(-5).
0
Let z(y) = y**3 + 109*y**2 - 473*y - 2320. Give z(-113).
53
Let m(k) = 35382*k + 141311. Calculate m(-4).
-217
Let c(z) = -5*z**3 - 54*z**2 - 238*z - 2722. Determine c(-11).
17
Let n(p) = 590*p + 22130. Determine n(-38).
-290
Let v(o) = o**3 + 246*o**2 - 4196*o - 44. Determine v(16).
-108
Let z(f) = 1188*f + 137. What is z(1)?
1325
Let z(u) = -986*u + 5121. What is z(5)?
191
Let f(g) = 74*g**2 + 5857*g + 866. Determine f(-79).
-3
Let g(s) = -5*s**2 - 324*s - 19. Determine g(-60).
1421
Let d(o) = o**2 - 3512*o - 1831563. What is d(-461)?
-10
Let l(f) = -12*f**3 - 33*f**2 + 120*f - 42. What is l(5)?
-1767
Let i(f) = -33*f**2 + 720*f - 3258. Give i(14).
354
Let o(d) = d**3 - 83*d**2 - 609*d + 62439. Determine o(81).
-12
Let z(x) = x**3 + 94*x**2 - 420*x - 1077. Calculate z(6).
3
Let l(p) = -14610*p + 686681. Give l(47).
11
Let h(p) = 423*p - 33414. Calculate h(79).
3
Let y(a) = -a**3 - 42*a**2 - 7*a - 562. What is y(-42)?
-268
Let w(v) = -2*v**3 + 17*v**2 + 34*v - 3. What is w(6)?
381
Let i(h) = -46*h**2 + 410*h + 2261. What is i(-6)?
-1855
Let c(g) = 3*g**2 - 58*g - 416. Determine c(-11).
585
Let f(l) = -18*l**3 + 7*l**2 + 963*l - 966. Calculate f(1).
-14
Let z(r) = r**2 - 1159*r + 241271. Give z(887).
7
Let d(c) = -8*c**2 + 983*c - 869. Calculate d(122).
-15
Let d(w) = -w**3 - 43*w**2 - 4*w - 369. Determine d(-43).
-197
Let p(h) = -4*h**3 - 225*h**2 - 1585*h - 23. What is p(-48)?
25
Let s(o) = 15451*o + 92708. Determine s(-6).
2
Let m(i) = 24*i**2 + 543*i + 2244. Determine m(-17).
-51
Let s(c) = -126*c**3 + 580*c**2 + 60*c + 955. What is s(5)?
5
Let y(s) = 244285*s - 3175708. What is y(13)?
-3
Let w(a) = 5*a**2 - 197*a + 311. Determine w(27).
-1363
Let b(l) = 34*l**3 + 308*l**2 + 108*l + 822. Determine b(-9).
12
Let u(c) = 12*c**2 + 829*c - 11567. Give u(-81).
16
Let m(o) = -28885*o - 20132851. What is m(-697)?
-6
Let a(z) = z**3 + 91*z**2 + 1150*z - 12018. Give a(-73).
-46
Let y(i) = -32*i**2 - 1014*i - 6057. Determine y(-6).
-1125
Let v(m) = 652*m + 21352. Calculate v(-34).
-816
Let n(u) = -1420*u + 25716. Give n(17).
1576
Let m(s) = -109720*s + 219534. Give m(2).
94
Let r(d) = -d**2 - 59423*d + 3152279. Give r(53).
51
Let d(f) = -6*f**3 - 79*f**2 + 342*f + 37. Give d(4).
-243
Let o(w) = -2*w**2 - 11334*w - 248361. Give o(-22).
19
Let x(u) = 13*u**2 + 2350*u - 32741. Give x(13).
6
Let c(s) = s**3 - 575*s**2 - 10038*s + 381. Calculate c(-17).
-61
Let u(p) = -2*p**3 + 51*p**2 - 1052*p + 28037. What is u(26)?
9
Let c(o) = -33*o**2 - 1399*o - 13241. Give c(-14).
-123
Let v(g) = 17*g**2 + 4148*g + 51. Calculate v(-244).
51
Let t(r) = -5228*r - 26159. Calculate t(-5).
-19
Let p(o) = 8*o**3 - 133*o**2 - 71*o - 21. What is p(15)?
-4011
Let f(d) = -1889*d + 6504. Calculate f(3).
837
Let l(p) = 17687*p + 194550. What is l(-11)?
-7
Let l(q) = 548*q - 11080. Give l(20).
-120
Let a(o) = 3*o**2 - 169061*o - 338130. Give a(-2).
4
Let d(y) = y**3 + 37*y**2 + 224*y - 60. Calculate d(-8).
4
Let y(n) = -224*n + 28481. What is y(127)?
33
Let h(r) = r**3 - 254*r**2 + 207*r + 11641. What is h(253)?
3
Let x(w) = -5182*w + 1855176. Give x(358).
20
Let q(z) = 127896*z - 3069493. What is q(24)?
11
Let b(v) = 228*v + 32489. Give b(-141).
341
Let t(x) = -6140*x - 202613. What is t(-33)?
7
Let p(y) = -138*y**3 + 75*y**2 + 185*y - 3. Calculate p(-2).
1031
Let z(h) = -4579*h + 146557. Give z(33).
-4550
Let z(g) = -26*g + 141. Calculate z(1).
115
Let s(l) = -l**3 + 83*l**2 - 431*l - 2404. Calculate s(77).
-17
Let l(m) = -2*m**3 - 82*m**2 + 208*m - 2589. Calculate l(-44).
-125
Let w(u) = -42171*u - 1813475. What is w(-43)?
-122
Let z(a) = -a**2 + 6849*a - 814094. Give z(121).
-6
Let k(h) = 2*h**2 - 13